e factors of 3680.
2, 5, 23
What are the prime factors of 3459?
3, 1153
What are the prime factors of 10742?
2, 41, 131
List the prime factors of 1579.
1579
What are the prime factors of 80877?
3, 26959
What are the prime factors of 415?
5, 83
List the prime factors of 174908.
2, 73, 599
What are the prime factors of 1637?
1637
List the prime factors of 19236.
2, 3, 7, 229
What are the prime factors of 5845?
5, 7, 167
List the prime factors of 994.
2, 7, 71
List the prime factors of 163.
163
List the prime factors of 14680.
2, 5, 367
What are the prime factors of 396?
2, 3, 11
List the prime factors of 735.
3, 5, 7
What are the prime factors of 41639?
13, 3203
What are the prime factors of 155014?
2, 179, 433
List the prime factors of 10168.
2, 31, 41
What are the prime factors of 5678?
2, 17, 167
What are the prime factors of 1211?
7, 173
What are the prime factors of 5440?
2, 5, 17
What are the prime factors of 2822?
2, 17, 83
List the prime factors of 1010.
2, 5, 101
List the prime factors of 62958.
2, 3, 7, 1499
What are the prime factors of 649?
11, 59
What are the prime factors of 199?
199
List the prime factors of 48254.
2, 23, 1049
What are the prime factors of 9407?
23, 409
List the prime factors of 31564.
2, 13, 607
What are the prime factors of 580?
2, 5, 29
List the prime factors of 3393.
3, 13, 29
What are the prime factors of 405?
3, 5
List the prime factors of 2556.
2, 3, 71
What are the prime factors of 14833?
7, 13, 163
List the prime factors of 17043.
3, 13, 19, 23
List the prime factors of 44771.
44771
What are the prime factors of 25510?
2, 5, 2551
List the prime factors of 18121.
18121
List the prime factors of 971.
971
What are the prime factors of 2707?
2707
What are the prime factors of 5781?
3, 41, 47
List the prime factors of 56777.
7, 8111
What are the prime factors of 16325?
5, 653
List the prime factors of 25504.
2, 797
List the prime factors of 30148.
2, 7537
What are the prime factors of 58315?
5, 107, 109
What are the prime factors of 2111?
2111
What are the prime factors of 948?
2, 3, 79
List the prime factors of 5021.
5021
What are the prime factors of 4700?
2, 5, 47
List the prime factors of 2403.
3, 89
What are the prime factors of 18508?
2, 7, 661
What are the prime factors of 4163?
23, 181
What are the prime factors of 1004?
2, 251
List the prime factors of 1381.
1381
What are the prime factors of 48512?
2, 379
What are the prime factors of 48878?
2, 24439
List the prime factors of 1115.
5, 223
What are the prime factors of 900?
2, 3, 5
List the prime factors of 7828.
2, 19, 103
List the prime factors of 8728.
2, 1091
List the prime factors of 156.
2, 3, 13
What are the prime factors of 1745?
5, 349
List the prime factors of 2710.
2, 5, 271
List the prime factors of 84.
2, 3, 7
List the prime factors of 1994.
2, 997
List the prime factors of 31473.
3, 13, 269
What are the prime factors of 19799?
13, 1523
What are the prime factors of 6966?
2, 3, 43
What are the prime factors of 5337?
3, 593
What are the prime factors of 17473?
101, 173
List the prime factors of 615.
3, 5, 41
What are the prime factors of 4843?
29, 167
What are the prime factors of 289?
17
What are the prime factors of 2848?
2, 89
What are the prime factors of 11313?
3, 419
What are the prime factors of 15422?
2, 11, 701
List the prime factors of 5225.
5, 11, 19
What are the prime factors of 5514?
2, 3, 919
List the prime factors of 3822.
2, 3, 7, 13
List the prime factors of 71068.
2, 109, 163
What are the prime factors of 971?
971
What are the prime factors of 1345?
5, 269
What are the prime factors of 4922?
2, 23, 107
What are the prime factors of 9979?
17, 587
What are the prime factors of 7345?
5, 13, 113
List the prime factors of 2667.
3, 7, 127
What are the prime factors of 1015?
5, 7, 29
What are the prime factors of 5912?
2, 739
What are the prime factors of 1699?
1699
List the prime factors of 6775.
5, 271
List the prime factors of 3787.
7, 541
List the prime factors of 1376.
2, 43
List the prime factors of 4731.
3, 19, 83
What are the prime factors of 1205?
5, 241
List the prime factors of 25423.
25423
What are the prime factors of 5255?
5, 1051
What are the prime factors of 11792?
2, 11, 67
What are the prime factors of 7094?
2, 3547
List the prime factors of 221.
13, 17
What are the prime factors of 1281?
3, 7, 61
What are the prime factors of 75738?
2, 3, 13, 971
List the prime factors of 162271.
263, 617
List the prime factors of 17267.
31, 557
What are the prime factors of 4020?
2, 3, 5, 67
List the prime factors of 23896.
2, 29, 103
What are the prime factors of 926?
2, 463
What are the prime factors of 11183?
53, 211
List the prime factors of 135050.
2, 5, 37, 73
List the prime factors of 16811.
16811
List the prime factors of 2112.
2, 3, 11
What are the prime factors of 11292?
2, 3, 941
List the prime factors of 3694.
2, 1847
What are the prime factors of 133396?
2, 33349
What are the prime factors of 1864?
2, 233
What are the prime factors of 47855?
5, 17, 563
List the prime factors of 40394.
2, 19, 1063
List the prime factors of 87244.
2, 17, 1283
List the prime factors of 164.
2, 41
List the prime factors of 19084.
2, 13, 367
What are the prime factors of 25088?
2, 7
List the prime factors of 790.
2, 5, 79
What are the prime factors of 1148?
2, 7, 41
What are the prime factors of 2745?
3, 5, 61
What are the prime factors of 29034?
2, 3, 1613
List the prime factors of 30023.
7, 4289
List the prime factors of 34953.
3, 61, 191
List the prime factors of 1741.
1741
What are the prime factors of 2244?
2, 3, 11, 17
What are the prime factors of 4427?
19, 233
List the prime factors of 1727.
11, 157
List the prime factors of 18654.
2, 3, 3109
List the prime factors of 10453.
10453
What are the prime factors of 21341?
21341
What are the prime factors of 182?
2, 7, 13
What are the prime factors of 2733?
3, 911
What are the prime factors of 7017?
3, 2339
List the prime factors of 578.
2, 17
List the prime factors of 14364.
2, 3, 7, 19
List the prime factors of 2418.
2, 3, 13, 31
What are the prime factors of 11378?
2, 5689
List the prime factors of 5753.
11, 523
What are the prime factors of 10675?
5, 7, 61
What are the prime factors of 41370?
2, 3, 5, 7, 197
List the prime factors of 1045.
5, 11, 19
What are the prime factors of 2569?
7, 367
List the prime factors of 30808.
2, 3851
List the prime factors of 273.
3, 7, 13
What are the prime factors of 7247?
7247
List the prime factors of 405.
3, 5
What are the prime factors of 3186?
2, 3, 59
List the prime factors of 1029.
3, 7
List the prime factors of 28173.
3, 9391
List the prime factors of 528.
2, 3, 11
What are the prime factors of 3945?
3, 5, 263
List the prime factors of 28702.
2, 113, 127
List the prime factors of 1153.
1153
List the prime factors of 6084.
2, 3, 13
List the prime factors of 4607.
17, 271
List the prime factors of 35193.
3, 11731
What are the prime factors of 5107?
5107
List the prime factors of 2465.
5, 17, 29
List the prime factors of 1105.
5, 13, 17
List the prime factors of 10689.
3, 7, 509
What are the prime factors of 2497?
11, 227
What are the prime factors of 7238?
2, 7, 11, 47
What are the prime factors of 34586?
2, 17293
What are the prime factors of 85345?
5, 13, 101
List the prime factors of 93329.
93329
What are the prime factors of 57539?
163, 353
What are the prime factors of 2457?
3, 7, 13
What are the prime factors of 432?
2, 3
List the prime factors of 60822.
2, 3, 31, 109
What are the prime factors of 5835?
3, 5, 389
List the prime factors of 8100.
2, 3, 5
What are the prime factors of 50616?
2, 3, 19, 37
What are the prime factors of 4209?
3, 23, 61
What are the prime factors of 3259?
3259
List the prime factors of 33599.
33599
List the prime factors of 2968.
2, 7, 53
List the prime factors of 18438.
2, 3, 7, 439
What are the prime factors of 375?
3, 5
What are the prime factors of 12507?
3, 11, 379
List the prime factors of 12678.
2, 3, 2113
List the prime factors of 482.
2, 241
List the prime factors of 2187.
3
List the prime factors of 122.
2, 61
List the prime factors of 3859.
17, 227
What are the prime factors of 33072?
2, 3, 13, 53
What are the prime factors of 937?
937
What are the prime factors of 594?
2, 3, 11
List the pri